{"id":140,"date":"2015-03-31T19:00:47","date_gmt":"2015-03-31T19:00:47","guid":{"rendered":"http:\/\/iordacheanu.europrahova.eu\/wordpress\/?page_id=140"},"modified":"2024-09-01T13:12:19","modified_gmt":"2024-09-01T10:12:19","slug":"anunturi-de-achizitie","status":"publish","type":"page","link":"https:\/\/sangeru.europrahova.eu\/wordpress\/anunturi-de-achizitie\/","title":{"rendered":"Anunturi de Achizitie"},"content":{"rendered":"<p><strong>Achiztie servicii sociale de catering<\/strong><\/p>\n<p><a href=\"https:\/\/sangeru.europrahova.eu\/wordpress\/wp-content\/uploads\/2024\/03\/Anunt-de-participare-Procedura-achizitie-servicii-sociale.pdf\">Anunt de participare Procedura achizitie servicii sociale<\/a><br \/>\n<a href=\"https:\/\/sangeru.europrahova.eu\/wordpress\/wp-content\/uploads\/2024\/03\/Formulare-si-model-documente-Procedura-achizitie-servicii-sociale.pdf\">Formulare si model documente Procedura achizitie servicii sociale<\/a><br \/>\n<a href=\"https:\/\/sangeru.europrahova.eu\/wordpress\/wp-content\/uploads\/2024\/03\/Procedura-achizitie-servicii-sociale.pdf\">Procedura achizitie servicii sociale<\/a><br \/>\n<a href=\"https:\/\/sangeru.europrahova.eu\/wordpress\/wp-content\/uploads\/2024\/04\/Declaratie-participare-Procedura-achizitie-servicii-sociale.pdf\">Declaratie participare Procedura achizitie servicii sociale<\/a><br \/>\n<a href=\"https:\/\/sangeru.europrahova.eu\/wordpress\/wp-content\/uploads\/2024\/04\/Contestatie-Procedura-achizitie-servicii-sociale.pdf\">Contestatie Procedura achizitie servicii sociale<\/a><br \/>\n<a href=\"https:\/\/sangeru.europrahova.eu\/wordpress\/wp-content\/uploads\/2024\/06\/Decizie-CNSC-program-masa-sanatoasa.pdf\">Decizie CNSC program masa sanatoasa<\/a><br \/>\n<a href=\"https:\/\/sangeru.europrahova.eu\/wordpress\/wp-content\/uploads\/2024\/07\/Contestatie-Procedura-achizitie-servicii-sociale-de-cathering-AGROSEMCU.pdf\">Contestatie Procedura achizitie servicii sociale de cathering AGROSEMCU<\/a><br \/>\n<a href=\"https:\/\/sangeru.europrahova.eu\/wordpress\/wp-content\/uploads\/2024\/08\/Decizie-CNSC-privind-Procedura-achizitie-servicii-sociale-de-cathering.pdf\">Decizie CNSC privind Procedura achizitie servicii sociale de cathering<\/a><br \/>\n<a href=\"https:\/\/sangeru.europrahova.eu\/wordpress\/wp-content\/uploads\/2024\/09\/Raport-Procedura-achizitie-servicii-sociale-de-cathering.pdf\">Raport Procedura achizitie servicii sociale de cathering<\/a><\/p>\n<p><strong>Lucrari de asfaltare drumuri comunale<\/strong><br \/>\n<a href=\"https:\/\/sangeru.europrahova.eu\/wordpress\/wp-content\/uploads\/2022\/11\/Anunt-cumparare-directa-Lucrari-de-asfaltare-drumuri-comunale.pdf\">Anunt cumparare directa Lucrari de asfaltare drumuri comunale<\/a><br \/>\n<a href=\"https:\/\/sangeru.europrahova.eu\/wordpress\/wp-content\/uploads\/2022\/11\/Anexa-1-cumparare-directa-Lucrari-de-asfaltare-drumuri-comunale.pdf\">Anexa 1 cumparare directa Lucrari de asfaltare drumuri comunale<\/a><br \/>\n<a href=\"https:\/\/sangeru.europrahova.eu\/wordpress\/wp-content\/uploads\/2022\/11\/Formular-de-oferta-cumparare-directa-Lucrari-de-asfaltare-drumuri-comunale.pdf\">Formular de oferta cumparare directa Lucrari de asfaltare drumuri comunale<\/a><\/p>\n<p><strong><span id=\"yui_3_16_0_1_1504180052354_11957\">Servicii de realizare a lucr\u0103rilor de \u00eenregistrare sistematic\u0103 a imobilelor pe sectoare cadastrale<\/span><\/strong><br \/>\n<a href=\"https:\/\/sangeru.europrahova.eu\/wordpress\/wp-content\/uploads\/2015\/03\/Invitatie-de-participare.pdf\">Invitatie de participare<\/a><br \/>\n<a href=\"https:\/\/sangeru.europrahova.eu\/wordpress\/wp-content\/uploads\/2015\/03\/Caiet-de-sarcini.pdf\">Caiet de sarcini<\/a><br \/>\n<a href=\"https:\/\/sangeru.europrahova.eu\/wordpress\/wp-content\/uploads\/2015\/03\/Formulare.pdf\">Formulare<\/a><br \/>\n<a href=\"https:\/\/sangeru.europrahova.eu\/wordpress\/wp-content\/uploads\/2015\/03\/Formular-19.pdf\">Formular 19<\/a><\/p>\n","protected":false},"excerpt":{"rendered":"<p>Achiztie servicii sociale de catering Anunt de participare Procedura achizitie servicii sociale Formulare si model documente Procedura achizitie servicii sociale Procedura achizitie servicii sociale Declaratie participare Procedura achizitie servicii sociale Contestatie Procedura achizitie servicii sociale Decizie CNSC program masa sanatoasa Contestatie Procedura achizitie servicii sociale de cathering AGROSEMCU Decizie CNSC privind Procedura achizitie servicii sociale <a class=\"continue\" href=\"https:\/\/sangeru.europrahova.eu\/wordpress\/anunturi-de-achizitie\/\">[Continue]<\/a><\/p>\n","protected":false},"author":1,"featured_media":0,"parent":0,"menu_order":0,"comment_status":"open","ping_status":"open","template":"","meta":{"footnotes":""},"class_list":["post-140","page","type-page","status-publish","hentry"],"_links":{"self":[{"href":"https:\/\/sangeru.europrahova.eu\/wordpress\/wp-json\/wp\/v2\/pages\/140","targetHints":{"allow":["GET"]}}],"collection":[{"href":"https:\/\/sangeru.europrahova.eu\/wordpress\/wp-json\/wp\/v2\/pages"}],"about":[{"href":"https:\/\/sangeru.europrahova.eu\/wordpress\/wp-json\/wp\/v2\/types\/page"}],"author":[{"embeddable":true,"href":"https:\/\/sangeru.europrahova.eu\/wordpress\/wp-json\/wp\/v2\/users\/1"}],"replies":[{"embeddable":true,"href":"https:\/\/sangeru.europrahova.eu\/wordpress\/wp-json\/wp\/v2\/comments?post=140"}],"version-history":[{"count":11,"href":"https:\/\/sangeru.europrahova.eu\/wordpress\/wp-json\/wp\/v2\/pages\/140\/revisions"}],"predecessor-version":[{"id":3498,"href":"https:\/\/sangeru.europrahova.eu\/wordpress\/wp-json\/wp\/v2\/pages\/140\/revisions\/3498"}],"wp:attachment":[{"href":"https:\/\/sangeru.europrahova.eu\/wordpress\/wp-json\/wp\/v2\/media?parent=140"}],"curies":[{"name":"wp","href":"https:\/\/api.w.org\/{rel}","templated":true}]}}