{"id":34,"date":"2015-03-23T20:06:14","date_gmt":"2015-03-23T20:06:14","guid":{"rendered":"http:\/\/iordacheanu.europrahova.eu\/wordpress\/?page_id=34"},"modified":"2025-03-25T08:32:48","modified_gmt":"2025-03-25T06:32:48","slug":"informatii-contact","status":"publish","type":"page","link":"https:\/\/sangeru.europrahova.eu\/wordpress\/informatii-contact\/","title":{"rendered":"Informatii Contact"},"content":{"rendered":"<p><a href=\"https:\/\/sangeru.europrahova.eu\/wordpress\/wp-content\/uploads\/2015\/03\/info-contact.jpg\"><img loading=\"lazy\" decoding=\"async\" class=\"alignnone size-full wp-image-262\" src=\"https:\/\/sangeru.europrahova.eu\/wordpress\/wp-content\/uploads\/2015\/03\/info-contact.jpg\" alt=\"info contact\" width=\"207\" height=\"244\" \/><\/a><br \/>\nAdresa<\/p>\n<p class=\"yiv7305450131MsoNormal\"><b><span lang=\"RO\">Primaria comunei S\u00e2ngeru<\/span><\/b><\/p>\n<p class=\"yiv7305450131MsoNormal\"><b><span lang=\"RO\">Comuna S\u00e2ngeru, sat S\u00e2ngeru<\/span><\/b><\/p>\n<p class=\"yiv7305450131MsoNormal\"><b><span lang=\"RO\">Str. Alexandru V\u0103c\u0103rescu, nr.114<\/span><\/b><\/p>\n<p class=\"yiv7305450131MsoNormal\"><b><span lang=\"RO\">Jude\u021bul Prahova<\/span><\/b><\/p>\n<p>Telefon\/fax<\/p>\n<p>Tel: 0244-441016<br \/>\nFax: 0244-441060<\/p>\n<p>Email<br \/>\nsangeru@europrahova.eu<\/p>\n<p>&nbsp;<\/p>\n","protected":false},"excerpt":{"rendered":"<p>Adresa Primaria comunei S\u00e2ngeru Comuna S\u00e2ngeru, sat S\u00e2ngeru Str. Alexandru V\u0103c\u0103rescu, nr.114 Jude\u021bul Prahova Telefon\/fax Tel: 0244-441016 Fax: 0244-441060 Email sangeru@europrahova.eu &nbsp;<\/p>\n","protected":false},"author":1,"featured_media":0,"parent":0,"menu_order":0,"comment_status":"closed","ping_status":"open","template":"","meta":{"footnotes":""},"class_list":["post-34","page","type-page","status-publish","hentry"],"_links":{"self":[{"href":"https:\/\/sangeru.europrahova.eu\/wordpress\/wp-json\/wp\/v2\/pages\/34","targetHints":{"allow":["GET"]}}],"collection":[{"href":"https:\/\/sangeru.europrahova.eu\/wordpress\/wp-json\/wp\/v2\/pages"}],"about":[{"href":"https:\/\/sangeru.europrahova.eu\/wordpress\/wp-json\/wp\/v2\/types\/page"}],"author":[{"embeddable":true,"href":"https:\/\/sangeru.europrahova.eu\/wordpress\/wp-json\/wp\/v2\/users\/1"}],"replies":[{"embeddable":true,"href":"https:\/\/sangeru.europrahova.eu\/wordpress\/wp-json\/wp\/v2\/comments?post=34"}],"version-history":[{"count":8,"href":"https:\/\/sangeru.europrahova.eu\/wordpress\/wp-json\/wp\/v2\/pages\/34\/revisions"}],"predecessor-version":[{"id":3664,"href":"https:\/\/sangeru.europrahova.eu\/wordpress\/wp-json\/wp\/v2\/pages\/34\/revisions\/3664"}],"wp:attachment":[{"href":"https:\/\/sangeru.europrahova.eu\/wordpress\/wp-json\/wp\/v2\/media?parent=34"}],"curies":[{"name":"wp","href":"https:\/\/api.w.org\/{rel}","templated":true}]}}